 is 1 (base 4) in base 6?
1
What is 2100 (base 3) in base 2?
111111
Convert 18 (base 11) to base 9.
21
Convert -2 (base 4) to base 14.
-2
What is -25 (base 13) in base 5?
-111
-42 (base 6) to base 15
-1b
Convert 5 (base 6) to base 5.
10
2 (base 11) to base 10
2
Convert -204 (base 6) to base 5.
-301
-94 (base 11) to base 12
-87
Convert 10 (base 7) to base 10.
7
Convert -120 (base 5) to base 11.
-32
What is 6 (base 8) in base 13?
6
What is -5 (base 13) in base 6?
-5
3 (base 4) to base 5
3
Convert 340 (base 5) to base 7.
164
2 (base 12) to base 13
2
1 (base 12) to base 5
1
Convert 3 (base 13) to base 16.
3
What is 101 (base 2) in base 4?
11
Convert 1331 (base 4) to base 5.
1000
What is 3 (base 6) in base 5?
3
What is 22 (base 6) in base 13?
11
What is -9 (base 15) in base 6?
-13
-100 (base 2) to base 14
-4
12 (base 4) to base 16
6
Convert -3 (base 7) to base 8.
-3
What is -112 (base 3) in base 9?
-15
3 (base 14) to base 6
3
-33 (base 6) to base 8
-25
What is -3 (base 7) in base 9?
-3
1 (base 16) to base 12
1
What is 128 (base 14) in base 2?
11101000
What is -b8 (base 15) in base 2?
-10101101
Convert 1 (base 16) to base 5.
1
Convert -12a (base 14) to base 8.
-352
What is -9 (base 16) in base 4?
-21
What is -25 (base 14) in base 3?
-1020
Convert 7 (base 14) to base 2.
111
What is -4 (base 15) in base 9?
-4
Convert -2232 (base 4) to base 15.
-b9
What is -500 (base 6) in base 7?
-345
-10001101 (base 2) to base 6
-353
Convert 1 (base 9) to base 7.
1
Convert -1 (base 6) to base 7.
-1
-60 (base 10) to base 4
-330
1 (base 3) to base 14
1
What is -14 (base 15) in base 13?
-16
Convert -15 (base 14) to base 8.
-23
What is -351 (base 6) in base 8?
-213
Convert -3 (base 10) to base 5.
-3
What is 10000010 (base 2) in base 10?
130
-26 (base 8) to base 4
-112
Convert 2 (base 5) to base 2.
10
Convert -11 (base 2) to base 5.
-3
What is -20010 (base 3) in base 2?
-10100101
-25 (base 9) to base 12
-1b
-2 (base 15) to base 9
-2
-1012 (base 3) to base 10
-32
What is 27 (base 11) in base 4?
131
What is -1 (base 16) in base 5?
-1
What is 22 (base 8) in base 15?
13
0 (base 2) to base 3
0
-32 (base 16) to base 4
-302
Convert -c (base 15) to base 14.
-c
What is 202 (base 8) in base 4?
2002
What is 23 (base 6) in base 4?
33
What is -162 (base 7) in base 9?
-113
What is 4 (base 14) in base 15?
4
-8 (base 10) to base 12
-8
-311 (base 4) to base 5
-203
What is 13 (base 9) in base 7?
15
Convert -2 (base 6) to base 2.
-10
Convert -100 (base 2) to base 12.
-4
What is -3 (base 11) in base 16?
-3
What is 15 (base 8) in base 14?
d
0 (base 7) to base 5
0
-11 (base 11) to base 13
-c
-5 (base 7) to base 3
-12
Convert 6 (base 15) to base 8.
6
-5 (base 9) to base 6
-5
Convert -3 (base 13) to base 15.
-3
What is 1000 (base 2) in base 9?
8
Convert -1a (base 12) to base 16.
-16
Convert 1121 (base 3) to base 12.
37
10001010 (base 2) to base 5
1023
Convert -2c (base 15) to base 6.
-110
Convert -4 (base 8) to base 10.
-4
Convert -1 (base 3) to base 10.
-1
What is -22 (base 12) in base 11?
-24
Convert -1 (base 12) to base 16.
-1
Convert 4 (base 13) to base 2.
100
What is -2 (base 12) in base 5?
-2
-57 (base 12) to base 13
-52
-1021 (base 3) to base 7
-46
32 (base 5) to base 4
101
61 (base 12) to base 3
2201
What is -22 (base 14) in base 6?
-50
Convert 27 (base 9) to base 3.
221
What is 3 (base 16) in base 9?
3
Convert 43 (base 7) to base 3.
1011
What is 73 (base 8) in base 15?
3e
-120 (base 11) to base 12
-bb
Convert -48 (base 13) to base 3.
-2020
What is 31 (base 4) in base 12?
11
3 (base 9) to base 15
3
-21 (base 5) to base 10
-11
What is 0 (base 6) in base 3?
0
What is 3 (base 9) in base 5?
3
Convert 11 (base 7) to base 13.
8
-12 (base 10) to base 12
-10
What is -310 (base 4) in base 9?
-57
Convert 117 (base 16) to base 7.
546
Convert -5 (base 9) to base 2.
-101
16 (base 11) to base 5
32
-4 (base 10) to base 16
-4
What is -13 (base 16) in base 13?
-16
Convert bc (base 14) to base 16.
a6
1 (base 10) to base 4
1
Convert -1 (base 4) to base 2.
-1
-11 (base 2) to base 4
-3
-4 (base 12) to base 15
-4
Convert 10 (base 6) to base 3.
20
-1001011 (base 2) to base 16
-4b
What is c (base 16) in base 7?
15
Convert -144 (base 6) to base 14.
-48
Convert 35 (base 10) to base 16.
23
What is -35 (base 9) in base 15?
-22
4 (base 13) to base 3
11
Convert 46 (base 7) to base 14.
26
-7 (base 14) to base 13
-7
What is 20 (base 3) in base 15?
6
Convert 310 (base 4) to base 12.
44
-18 (base 12) to base 14
-16
Convert -e (base 15) to base 8.
-16
What is 511 (base 6) in base 13?
115
-3 (base 8) to base 2
-11
What is -3 (base 9) in base 11?
-3
What is -11210 (base 3) in base 10?
-129
104 (base 7) to base 12
45
Convert -d2 (base 14) to base 9.
-224
141 (base 6) to base 9
67
What is 4 (base 12) in base 8?
4
-10 (base 2) to base 12
-2
Convert 5 (base 15) to base 10.
5
What is -22 (base 13) in base 2?
-11100
What is -53 (base 8) in base 14?
-31
-28 (base 10) to base 7
-40
What is 1 (base 5) in base 11?
1
1c (base 14) to base 15
1b
-5 (base 15) to base 9
-5
What is 94 (base 10) in base 6?
234
What is 2 (base 10) in base 12?
2
Convert 2 (base 15) to base 13.
2
-5 (base 9) to base 14
-5
What is 1001001 (base 2) in base 8?
111
Convert 22 (base 9) to base 10.
20
What is 3 (base 15) in base 2?
11
What is 8 (base 12) in base 6?
12
-1 (base 16) to base 12
-1
What is -7 (base 13) in base 7?
-10
Convert -105 (base 6) to base 14.
-2d
What is 0 (base 3) in base 11?
0
What is 2 (base 9) in base 12?
2
What is -123 (base 4) in base 10?
-27
Convert 15 (base 10) to base 5.
30
1 (base 4) to base 2
1
Convert -24 (base 5) to base 3.
-112
-2 (base 8) to base 9
-2
Convert 102 (base 10) to base 16.
66
167 (base 11) to base 13
11c
Convert 30 (base 13) to base 8.
47
What is 23 (base 9) in base 5?
41
Convert -10 (base 3) to base 13.
-3
Convert -155 (base 9) to base 2.
-10000011
-6 (base 15) to base 8
-6
What is -1 (base 15) in base 16?
-1
-102 (base 15) to base 5
-1402
What is 2 (base 14) in base 12?
2
What is -353 (base 9) in base 12?
-203
-3101 (base 4) to base 6
-545
68 (base 9) to base 16
3e
-5 (base 14) to base 4
-11
-8 (base 15) to base 6
-12
What is 4 (base 9) in base 13?
4
Convert -1 (base 10) to base 14.
-1
What is -77 (base 8) in base 2?
-111111
-203 (base 8) to base 6
-335
Convert 22 (base 10) to base 3.
211
127 (base 10) to base 12
a7
What is -1001110 (base 2) in base 7?
-141
Convert 102 (base 3) to base 10.
11
What is 2 (base 5) in base 16?
2
2 (base 5) to base 2
10
11100010 (base 2) to base 16
e2
Convert b (base 15) to base 12.
b
Convert -1010 (base 2) to base 6.
-14
What is 5 (base 8) in base 13?
5
What is 1 (base 15) in base 8?
1
Convert -5 (base 13) to base 10.
-5
Convert 2 (base 6) to base 5.
2
What is -5 (base 9) in base 4?
-11
What is -1 (base 14) in base 16?
-1
What is 11 (base 4) in base 12?
5
3 (base 7) to base 4
3
Convert -15a (base 11) to base 7.
-354
1 (base 6) to base 5
1
Convert -10 (base 6) to base 14.
-6
What is 13 (base 16) in base 4?
103
6b (base 14) to base 13
74
Convert 2 (base 15) to base 13.
2
Convert 170 (base 12) to base 11.
198
Convert 111001 (base 2) to base 15.
3c
What is -1300 (base 4) in base 2?
-1110000
Convert -110 (base 6) to base 11.
-39
Convert 1a (base 11) to base 3.
210
-9 (base 15) to base 13
-9
Convert -3 (base 6) to base 12.
-3
443 (base 5) to base 14
8b
Convert 3 (base 10) to base 8.
3
-18a (base 12) to base 7
-505
What is -15 (base 13) in base 7?
-24
Convert 87 (base 11) to base 13.
74
Convert 13 (base 4) to base 15.
7
What is -1 (base 15) in base 13?
-1
Convert 4b (base 13) to base 16.
3f
Convert -8 (base 9) to base 10.
-8
What is 5 (base 11) in base 16?
5
What is 11 (base 4) in base 13?
5
9 (base 14) to base 5
14
Convert -60 (base 8) to base 6.
-120
What is 11 (base 12) in base 3?
111
-2 (base 11) to base 13
-2
-3 (base 13) to base 9
-3
Convert -1 (base 14) to base 11.
-1
0 (base 7) to base 5
0
0 (base 3) to base 10
0
What is -2 (base 8) in base 11?
-2
Convert -74 (base 11) to base 15.
-56
-17 (base 13) to base 2
-10100
Convert 5 (base 15) to base 10.
5
Convert -2 (base 9) to base 15.
-2
0 (base 3) to base 13
0
-2 (base 4) to base 15
-2
-1022 (base 3) to base 8
-43
What is 1 (base 9) in base 3?
1
-3 (base 5) to base 13
-3
Convert -20 (base 13) to base 2.
-11010
What is 1a (base 14) in b